prime factors of 2415523.
11, 19963
List the prime factors of 191441.
191441
List the prime factors of 325622.
2, 11, 19, 41
List the prime factors of 4025490.
2, 3, 5, 7, 29, 661
List the prime factors of 1451465.
5, 43, 157
What are the prime factors of 2506026?
2, 3, 417671
What are the prime factors of 1149219?
3, 127691
List the prime factors of 158568.
2, 3, 6607
List the prime factors of 299641.
109, 2749
List the prime factors of 229552.
2, 14347
List the prime factors of 50799.
3, 7, 41, 59
List the prime factors of 68925.
3, 5, 919
List the prime factors of 18677831.
2609, 7159
What are the prime factors of 839424?
2, 3, 1093
List the prime factors of 1009483.
1009483
What are the prime factors of 4751446?
2, 7, 339389
List the prime factors of 40548.
2, 3, 31, 109
List the prime factors of 4393958.
2, 2196979
What are the prime factors of 8264629?
89, 92861
List the prime factors of 318221.
223, 1427
What are the prime factors of 16899230?
2, 5, 1689923
What are the prime factors of 246790?
2, 5, 23, 29, 37
What are the prime factors of 5660991?
3, 7, 59, 1523
What are the prime factors of 5568956?
2, 71, 19609
What are the prime factors of 35461683?
3, 223, 17669
What are the prime factors of 725716?
2, 397, 457
What are the prime factors of 7760378?
2, 3880189
List the prime factors of 226318.
2, 113159
List the prime factors of 15262881.
3, 31, 164117
List the prime factors of 13922907.
3, 4640969
List the prime factors of 7771099.
7, 41, 27077
What are the prime factors of 1164542?
2, 59, 71, 139
What are the prime factors of 921840?
2, 3, 5, 23, 167
List the prime factors of 5111764.
2, 7, 17, 10739
List the prime factors of 455615.
5, 293, 311
List the prime factors of 7230055.
5, 7, 251, 823
List the prime factors of 533925.
3, 5, 7, 113
What are the prime factors of 1917049?
1917049
What are the prime factors of 1492507?
19, 78553
List the prime factors of 3153686.
2, 1576843
What are the prime factors of 16023184?
2, 67, 14947
What are the prime factors of 43684943?
43684943
List the prime factors of 6565260.
2, 3, 5, 13, 19, 443
What are the prime factors of 5571828?
2, 3, 29, 593
What are the prime factors of 27747153?
3, 7, 440431
What are the prime factors of 1510039?
1510039
List the prime factors of 7478796.
2, 3, 13, 191, 251
List the prime factors of 44415.
3, 5, 7, 47
List the prime factors of 6085112.
2, 11, 69149
What are the prime factors of 16767803?
13, 1289831
What are the prime factors of 494692?
2, 11, 11243
List the prime factors of 2623518.
2, 3, 23, 6337
What are the prime factors of 5451208?
2, 7, 311, 313
What are the prime factors of 323914?
2, 161957
List the prime factors of 1924202.
2, 7, 137443
List the prime factors of 1987714.
2, 37, 26861
What are the prime factors of 480132?
2, 3, 13337
List the prime factors of 2365157.
1481, 1597
What are the prime factors of 429398?
2, 43, 4993
What are the prime factors of 1074084?
2, 3, 11, 79, 103
List the prime factors of 511288.
2, 79, 809
List the prime factors of 1224638.
2, 612319
List the prime factors of 1107551.
43, 599
List the prime factors of 160488.
2, 3, 743
What are the prime factors of 905525?
5, 29, 1249
What are the prime factors of 1132739?
1132739
List the prime factors of 2576495.
5, 19, 37, 733
What are the prime factors of 4542228?
2, 3, 126173
What are the prime factors of 29595787?
13, 19, 709
List the prime factors of 1244012.
2, 7, 11, 577
What are the prime factors of 117546?
2, 3, 11, 13, 137
What are the prime factors of 331334?
2, 165667
List the prime factors of 395950.
2, 5, 7919
List the prime factors of 12721136.
2, 795071
List the prime factors of 4676177.
11, 425107
List the prime factors of 585140.
2, 5, 17, 1721
What are the prime factors of 16033?
16033
What are the prime factors of 273366?
2, 3, 15187
List the prime factors of 6253268.
2, 7, 223331
What are the prime factors of 42901813?
199, 215587
List the prime factors of 2363167.
2363167
What are the prime factors of 1277322?
2, 3, 359, 593
What are the prime factors of 379124?
2, 94781
What are the prime factors of 3326994?
2, 3, 11, 1867
What are the prime factors of 5433338?
2, 2716669
List the prime factors of 7252.
2, 7, 37
What are the prime factors of 7064564?
2, 13, 103, 1319
What are the prime factors of 7252285?
5, 17, 41, 2081
List the prime factors of 402557.
59, 6823
What are the prime factors of 2295574?
2, 47, 24421
What are the prime factors of 1984332?
2, 3, 7, 23623
List the prime factors of 38445.
3, 5, 11, 233
List the prime factors of 2795002.
2, 7, 181, 1103
List the prime factors of 169483.
169483
What are the prime factors of 9088275?
3, 5, 7, 2473
What are the prime factors of 1309336?
2, 7, 103, 227
List the prime factors of 21108259.
19, 29, 1321
What are the prime factors of 539898?
2, 3, 89983
List the prime factors of 5325219.
3, 591691
What are the prime factors of 2440531?
19, 128449
What are the prime factors of 182437?
241, 757
List the prime factors of 22888734.
2, 3, 11, 241, 1439
List the prime factors of 13036505.
5, 2607301
List the prime factors of 227837.
41, 5557
What are the prime factors of 2940834?
2, 3, 13, 37, 1019
List the prime factors of 106445.
5, 61, 349
What are the prime factors of 74656?
2, 2333
What are the prime factors of 32634375?
3, 5, 59
What are the prime factors of 301031?
67, 4493
List the prime factors of 348771.
3, 116257
What are the prime factors of 3256091?
29, 112279
What are the prime factors of 5941317?
3, 29, 47, 1453
What are the prime factors of 96855?
3, 5, 11, 587
What are the prime factors of 9492901?
11, 862991
List the prime factors of 321246.
2, 3, 661
What are the prime factors of 62345?
5, 37, 337
List the prime factors of 13677062.
2, 7, 976933
What are the prime factors of 262947?
3, 87649
List the prime factors of 1064419.
59, 18041
What are the prime factors of 82459?
13, 6343
What are the prime factors of 602800?
2, 5, 11, 137
What are the prime factors of 711393?
3, 83, 2857
What are the prime factors of 11375668?
2, 631, 4507
What are the prime factors of 2937600?
2, 3, 5, 17
List the prime factors of 252830.
2, 5, 131, 193
List the prime factors of 7446124.
2, 7, 101, 2633
What are the prime factors of 1366154?
2, 17, 23, 1747
What are the prime factors of 5131739?
17, 301867
List the prime factors of 1475284.
2, 191, 1931
List the prime factors of 12002997.
3, 1543, 2593
What are the prime factors of 37176?
2, 3, 1549
What are the prime factors of 291429?
3, 32381
List the prime factors of 538982.
2, 23, 11717
List the prime factors of 182678.
2, 241, 379
List the prime factors of 25301761.
25301761
List the prime factors of 1199525.
5, 47981
What are the prime factors of 168114?
2, 3, 28019
List the prime factors of 12636908.
2, 3159227
What are the prime factors of 4229?
4229
List the prime factors of 2177338.
2, 1088669
List the prime factors of 125100.
2, 3, 5, 139
What are the prime factors of 1517771?
43, 47, 751
List the prime factors of 373315.
5, 197, 379
List the prime factors of 35059.
35059
List the prime factors of 7020082.
2, 17, 19, 10867
What are the prime factors of 158778?
2, 3, 8821
What are the prime factors of 130195?
5, 13, 2003
List the prime factors of 735785.
5, 31, 47, 101
List the prime factors of 2569618.
2, 17, 75577
List the prime factors of 93690.
2, 3, 5, 347
List the prime factors of 677283.
3, 61, 3701
What are the prime factors of 5362478?
2, 11, 22159
List the prime factors of 494106.
2, 3, 82351
List the prime factors of 6117463.
11, 29, 127, 151
List the prime factors of 62276.
2, 15569
List the prime factors of 1823588.
2, 13, 35069
What are the prime factors of 87988?
2, 21997
What are the prime factors of 1660156?
2, 415039
What are the prime factors of 256573?
47, 53, 103
What are the prime factors of 19880696?
2, 11, 263, 859
What are the prime factors of 704108?
2, 103, 1709
List the prime factors of 636533.
636533
List the prime factors of 2013425.
5, 80537
What are the prime factors of 257994?
2, 3, 11, 1303
List the prime factors of 2694841.
23, 117167
List the prime factors of 2754568.
2, 344321
List the prime factors of 4053516.
2, 3, 337793
List the prime factors of 338665.
5, 67733
What are the prime factors of 5019